{"id":1739,"date":"2025-05-22T22:58:18","date_gmt":"2025-05-22T22:58:18","guid":{"rendered":"https:\/\/criosphera.com\/criodachrisonline\/?page_id=1739"},"modified":"2025-05-23T18:55:55","modified_gmt":"2025-05-23T18:55:55","slug":"1739-2","status":"publish","type":"page","link":"https:\/\/criosphera.com\/criodachrisonline\/1739-2\/","title":{"rendered":"TERMO DE CONFIDENCIALIDADE"},"content":{"rendered":"\n<figure class=\"wp-block-image size-full\"><img decoding=\"async\" width=\"258\" height=\"75\" src=\"https:\/\/criosphera.com\/criodachrisonline\/wp-content\/uploads\/2025\/05\/Ativo-25@0.5x.png\" alt=\"\" class=\"wp-image-1751\"\/><\/figure>\n\n\n\n<p><\/p>\n\n\n\n<p><strong>CONTRATADA:<\/strong> Frequ\u00eancia Did\u00e1tica, Lda, sociedade com Sede na Rua da Cortinha 250, 4\u00ba Esquerdo Centro, Santa Marinha, Vila Nova de Gaia, 4400-101, neste ato representada pelo seu gerente com poderes para o ato, Rodrigo Guedes Barcellos.<\/p>\n\n\n\n<p><strong>CONTRATANTE:<\/strong> Comprador e aluna do curso na Hotmart.<\/p>\n\n\n\n<p>CELEBRAM O PRESENTE CONTRATO DE FORMA\u00c7\u00c3O PROFISSIONAL com os considerandos e cl\u00e1usulas infra descritas:<\/p>\n\n\n\n<p><strong>CONSIDERANDO<\/strong> que a CRIS CATUSSO \u00e9 instrutora oficial e credenciada na Europa do treinamento t\u00e9cnico \u201cCRIO DA CHRIS&#8221;, desenvolvido por Christiane Tofoli e registado no INPI sob o n\u00ba 922351449;<\/p>\n\n\n\n<p><strong>CONSIDERANDO<\/strong> que a FORMANDA pretende adquirir conhecimento desta t\u00e9cnica exclusivamente para aplica\u00e7\u00e3o em pacientes, reconhecendo o seu car\u00e1ter confidencial e exclusivo;<\/p>\n\n\n\n<hr class=\"wp-block-separator has-alpha-channel-opacity\"\/>\n\n\n\n<h3 class=\"wp-block-heading\"><strong>CL\u00c1USULA PRIMEIRA \u2013 DO OBJETO<\/strong><\/h3>\n\n\n\n<p>Este contrato \u00e9 celebrado para garantir a confidencialidade das informa\u00e7\u00f5es compartilhadas durante o projeto CRIODACHRIS \/ CRIOMODELAGEM \u2013 CONSULTORIA.<\/p>\n\n\n\n<hr class=\"wp-block-separator has-alpha-channel-opacity\"\/>\n\n\n\n<h3 class=\"wp-block-heading\"><strong>CL\u00c1USULA SEGUNDA \u2013 DAS DEFINI\u00c7\u00d5ES<\/strong><\/h3>\n\n\n\n<p>Todas as informa\u00e7\u00f5es trocadas, sejam escritas, eletr\u00f3nicas ou verbais, s\u00e3o consideradas confidenciais.<\/p>\n\n\n\n<hr class=\"wp-block-separator has-alpha-channel-opacity\"\/>\n\n\n\n<h3 class=\"wp-block-heading\"><strong>CL\u00c1USULA TERCEIRA \u2013 DO USO DAS INFORMA\u00c7\u00d5ES CONFIDENCIAIS<\/strong><\/h3>\n\n\n\n<p>A FORMANDA compromete-se a utilizar as informa\u00e7\u00f5es adquiridas exclusivamente para a aplica\u00e7\u00e3o em pacientes, sendo proibida a sua divulga\u00e7\u00e3o ou uso n\u00e3o autorizado.<\/p>\n\n\n\n<hr class=\"wp-block-separator has-alpha-channel-opacity\"\/>\n\n\n\n<h3 class=\"wp-block-heading\"><strong>CL\u00c1USULA QUARTA \u2013 DOS COMPROMISSOS<\/strong><\/h3>\n\n\n\n<p><strong>4.1<\/strong> A FORMANDA compromete-se a manter sigilo absoluto sobre todas as informa\u00e7\u00f5es.<\/p>\n\n\n\n<hr class=\"wp-block-separator has-alpha-channel-opacity\"\/>\n\n\n\n<h3 class=\"wp-block-heading\"><strong>CL\u00c1USULA QUINTA &#8211; N\u00c3O-COMPETI\u00c7\u00c3O E PROTE\u00c7\u00c3O DE PROPRIEDADE INTELECTUAL<\/strong><\/h3>\n\n\n\n<p><strong>5.1<\/strong> A Formanda compromete-se, durante a vig\u00eancia deste contrato e por um per\u00edodo de [3] anos ap\u00f3s a conclus\u00e3o da forma\u00e7\u00e3o, a n\u00e3o utilizar, ensinar, divulgar ou de qualquer forma explorar, direta ou indiretamente, os conte\u00fados, t\u00e9cnicas, m\u00e9todos e materiais aprendidos durante a forma\u00e7\u00e3o para efeitos de forma\u00e7\u00e3o, ensino ou qualquer outra atividade semelhante.<\/p>\n\n\n\n<p><strong>5.2<\/strong> A Formanda aceita que a titularidade, direitos de autor e outros direitos de propriedade intelectual relativos ao conte\u00fado, m\u00e9todos e materiais da forma\u00e7\u00e3o permanecem propriedade exclusiva do Formador.<\/p>\n\n\n\n<p><strong>5.3<\/strong> Qualquer viola\u00e7\u00e3o desta cl\u00e1usula implicar\u00e1 que a Formanda seja respons\u00e1vel pelo pagamento de uma indemniza\u00e7\u00e3o por preju\u00edzos, al\u00e9m de outras san\u00e7\u00f5es legais aplic\u00e1veis, e a obrigar\u00e1 a cessar imediatamente todas as atividades relacionadas com a viola\u00e7\u00e3o.<\/p>\n\n\n\n<p><strong>5.4<\/strong> A Formanda reconhece e aceita que a viola\u00e7\u00e3o desta cl\u00e1usula resultar\u00e1 em danos significativos para o Formador, e que esta cl\u00e1usula \u00e9 necess\u00e1ria para proteger os leg\u00edtimos interesses comerciais e de propriedade intelectual do Formador.<\/p>\n\n\n\n<p><strong>5.5<\/strong> Esta cl\u00e1usula \u00e9 regida e interpretada de acordo com a lei portuguesa e ambas as partes submetem-se \u00e0 jurisdi\u00e7\u00e3o exclusiva dos tribunais portugueses para resolver qualquer disputa ou reivindica\u00e7\u00e3o que surja em rela\u00e7\u00e3o \u00e0 mesma.<\/p>\n\n\n\n<hr class=\"wp-block-separator has-alpha-channel-opacity\"\/>\n\n\n\n<h3 class=\"wp-block-heading\"><strong>CL\u00c1USULA SEXTA \u2013 DA QUEBRA DA CONFIDENCIALIDADE<\/strong><\/h3>\n\n\n\n<p>A viola\u00e7\u00e3o das obriga\u00e7\u00f5es de confidencialidade resultar\u00e1 em responsabiliza\u00e7\u00e3o civil e pode ser objeto de a\u00e7\u00e3o judicial para indemniza\u00e7\u00e3o por perdas e danos.<\/p>\n\n\n\n<hr class=\"wp-block-separator has-alpha-channel-opacity\"\/>\n\n\n\n<h3 class=\"wp-block-heading\"><strong>CL\u00c1USULA S\u00c9TIMA \u2013 DA VIG\u00caNCIA<\/strong><\/h3>\n\n\n\n<p>O presente acordo tem car\u00e1ter irrevog\u00e1vel e irretrat\u00e1vel, mantendo-se em vigor as obriga\u00e7\u00f5es aqui contra\u00eddas.<\/p>\n\n\n\n<hr class=\"wp-block-separator has-alpha-channel-opacity\"\/>\n\n\n\n<h3 class=\"wp-block-heading\"><strong>CL\u00c1USULA OITAVA \u2013 DO VALOR INVESTIDO<\/strong><\/h3>\n\n\n\n<p>O valor pago a t\u00edtulo de inscri\u00e7\u00e3o da forma\u00e7\u00e3o CRIODACHRIS n\u00e3o ser\u00e1 devolvido em caso de desist\u00eancia da formanda na realiza\u00e7\u00e3o do curso, salvo se comprovado documentalmente a impossibilidade de poder participar da forma\u00e7\u00e3o contratada.<\/p>\n\n\n\n<hr class=\"wp-block-separator has-alpha-channel-opacity\"\/>\n\n\n\n<h3 class=\"wp-block-heading\"><strong>CL\u00c1USULA OITAVA \u2013 DAS DISPOSI\u00c7\u00d5ES GERAIS<\/strong><\/h3>\n\n\n\n<p>Este Termo vincula as partes, seus herdeiros e sucessores, sendo integralmente governado pelas leis de Portugal. Para resolu\u00e7\u00e3o de qualquer controv\u00e9rsia decorrente deste Termo, \u00e9 competente o foro da Comarca do Porto.<\/p>\n\n\n\n<hr class=\"wp-block-separator has-alpha-channel-opacity\"\/>\n\n\n\n<p><strong>Portugal, Maio de 2025.<\/strong><\/p>\n\n\n\n<p><\/p>\n","protected":false},"excerpt":{"rendered":"<p>CONTRATADA: Frequ\u00eancia Did\u00e1tica, Lda, sociedade com Sede na Rua da Cortinha 250, 4\u00ba Esquerdo Centro, Santa Marinha, Vila Nova de Gaia, 4400-101, neste ato representada pelo seu gerente com poderes para o ato, Rodrigo Guedes Barcellos. CONTRATANTE: Comprador e aluna do curso na Hotmart. CELEBRAM O PRESENTE CONTRATO DE FORMA\u00c7\u00c3O PROFISSIONAL com os considerandos e [&hellip;]<\/p>\n","protected":false},"author":2,"featured_media":0,"parent":0,"menu_order":0,"comment_status":"closed","ping_status":"closed","template":"","meta":{"footnotes":""},"class_list":["post-1739","page","type-page","status-publish","hentry"],"_links":{"self":[{"href":"https:\/\/criosphera.com\/criodachrisonline\/wp-json\/wp\/v2\/pages\/1739","targetHints":{"allow":["GET"]}}],"collection":[{"href":"https:\/\/criosphera.com\/criodachrisonline\/wp-json\/wp\/v2\/pages"}],"about":[{"href":"https:\/\/criosphera.com\/criodachrisonline\/wp-json\/wp\/v2\/types\/page"}],"author":[{"embeddable":true,"href":"https:\/\/criosphera.com\/criodachrisonline\/wp-json\/wp\/v2\/users\/2"}],"replies":[{"embeddable":true,"href":"https:\/\/criosphera.com\/criodachrisonline\/wp-json\/wp\/v2\/comments?post=1739"}],"version-history":[{"count":3,"href":"https:\/\/criosphera.com\/criodachrisonline\/wp-json\/wp\/v2\/pages\/1739\/revisions"}],"predecessor-version":[{"id":1752,"href":"https:\/\/criosphera.com\/criodachrisonline\/wp-json\/wp\/v2\/pages\/1739\/revisions\/1752"}],"wp:attachment":[{"href":"https:\/\/criosphera.com\/criodachrisonline\/wp-json\/wp\/v2\/media?parent=1739"}],"curies":[{"name":"wp","href":"https:\/\/api.w.org\/{rel}","templated":true}]}}